{"id":6395,"date":"2024-01-15T01:50:09","date_gmt":"2024-01-15T07:50:09","guid":{"rendered":"https:\/\/techmeetings.net\/?page_id=6395"},"modified":"2024-01-15T09:52:20","modified_gmt":"2024-01-15T15:52:20","slug":"accesos","status":"publish","type":"page","link":"https:\/\/techmeetings.net\/index.php\/accesos\/","title":{"rendered":"Control de accesos a eventos"},"content":{"rendered":"\t\t<div data-elementor-type=\"wp-page\" data-elementor-id=\"6395\" class=\"elementor elementor-6395\">\n\t\t\t\t\t\t\t<div class=\"elementor-element elementor-element-5383c09 e-flex e-con-boxed e-con e-parent\" data-id=\"5383c09\" data-element_type=\"container\" data-settings=\"{&quot;content_width&quot;:&quot;boxed&quot;}\" data-core-v316-plus=\"true\">\n\t\t\t\t\t<div class=\"e-con-inner\">\n\t\t\t\t<div class=\"elementor-element elementor-element-c33c6b2 elementor-widget elementor-widget-heading\" data-id=\"c33c6b2\" data-element_type=\"widget\" data-widget_type=\"heading.default\">\n\t\t\t\t<div class=\"elementor-widget-container\">\n\t\t\t<style>\/*! elementor - v3.18.0 - 20-12-2023 *\/\n.elementor-heading-title{padding:0;margin:0;line-height:1}.elementor-widget-heading .elementor-heading-title[class*=elementor-size-]>a{color:inherit;font-size:inherit;line-height:inherit}.elementor-widget-heading .elementor-heading-title.elementor-size-small{font-size:15px}.elementor-widget-heading .elementor-heading-title.elementor-size-medium{font-size:19px}.elementor-widget-heading .elementor-heading-title.elementor-size-large{font-size:29px}.elementor-widget-heading .elementor-heading-title.elementor-size-xl{font-size:39px}.elementor-widget-heading .elementor-heading-title.elementor-size-xxl{font-size:59px}<\/style><h1 class=\"elementor-heading-title elementor-size-default\">Control de acceso a eventos<\/h1>\t\t<\/div>\n\t\t\t\t<\/div>\n\t\t\t\t\t<\/div>\n\t\t\t\t<\/div>\n\t\t<div class=\"elementor-element elementor-element-f6029cb e-flex e-con-boxed e-con e-parent\" data-id=\"f6029cb\" data-element_type=\"container\" data-settings=\"{&quot;content_width&quot;:&quot;boxed&quot;}\" data-core-v316-plus=\"true\">\n\t\t\t\t\t<div class=\"e-con-inner\">\n\t\t<div class=\"elementor-element elementor-element-22f5de2 e-con-full e-flex e-con e-child\" data-id=\"22f5de2\" data-element_type=\"container\" data-settings=\"{&quot;content_width&quot;:&quot;full&quot;}\">\n\t\t\t\t<div class=\"elementor-element elementor-element-b04a935 elementor-widget elementor-widget-ld_fancy_image\" data-id=\"b04a935\" data-element_type=\"widget\" data-widget_type=\"ld_fancy_image.default\">\n\t\t\t\t<div class=\"elementor-widget-container\">\n\t\t\t\n\t\t<div class=\"lqd-imggrp-single d-block pos-rel \">\n\t\t\t<div class=\"lqd-imggrp-img-container d-inline-flex pos-rel align-items-center justify-content-center \">\n\t\t\t\t\t\t\t\t<figure class=\"w-100 pos-rel\">\n\t\t\t\t\t<img fetchpriority=\"high\" decoding=\"async\" width=\"1531\" height=\"1601\" src=\"https:\/\/techmeetings.net\/wp-content\/uploads\/2024\/01\/DISENO-DE-APPS-2.png\" class=\"attachment-full size-full wp-image-6415\" alt=\"\" srcset=\"https:\/\/techmeetings.net\/wp-content\/uploads\/2024\/01\/DISENO-DE-APPS-2.png 1531w, https:\/\/techmeetings.net\/wp-content\/uploads\/2024\/01\/DISENO-DE-APPS-2-287x300.png 287w, https:\/\/techmeetings.net\/wp-content\/uploads\/2024\/01\/DISENO-DE-APPS-2-979x1024.png 979w, https:\/\/techmeetings.net\/wp-content\/uploads\/2024\/01\/DISENO-DE-APPS-2-1469x1536.png 1469w\" sizes=\"(max-width: 1531px) 100vw, 1531px\" itemprop=\"image\" \/>\t\t\t\t\t\t\t\t\t\t\t\t\t\t\t\t\t\t\t\t\t\t\t\t\t\t\t\t\t<\/figure>\n\t\t\t<\/div>\n\t\t<\/div>\n\n\t\t\t<\/div>\n\t\t\t\t<\/div>\n\t\t\t\t<\/div>\n\t\t<div class=\"elementor-element elementor-element-08f0ebb e-con-full e-flex e-con e-child\" data-id=\"08f0ebb\" data-element_type=\"container\" data-settings=\"{&quot;content_width&quot;:&quot;full&quot;}\">\n\t\t\t\t<div class=\"elementor-element elementor-element-e1bd3ee elementor-widget elementor-widget-heading\" data-id=\"e1bd3ee\" data-element_type=\"widget\" data-widget_type=\"heading.default\">\n\t\t\t\t<div class=\"elementor-widget-container\">\n\t\t\t<h2 class=\"elementor-heading-title elementor-size-default\">Garantiza la seguridad y gesti\u00f3n del acceso a eventos por medio de la verificaci\u00f3n y validaci\u00f3n de credenciales, permitiendo un flujo ordenado de asistentes para evitar ingresos no autorizados<\/h2>\t\t<\/div>\n\t\t\t\t<\/div>\n\t\t\t\t<\/div>\n\t\t\t\t\t<\/div>\n\t\t\t\t<\/div>\n\t\t\t\t\t\t\t<\/div>\n\t\t","protected":false},"excerpt":{"rendered":"<p>Control de acceso a eventos Garantiza la seguridad y gesti\u00f3n del acceso a eventos por medio de la verificaci\u00f3n y validaci\u00f3n de credenciales, permitiendo un flujo ordenado de asistentes para evitar ingresos no autorizados<\/p>\n","protected":false},"author":1,"featured_media":0,"parent":0,"menu_order":0,"comment_status":"closed","ping_status":"closed","template":"","meta":{"footnotes":""},"class_list":["post-6395","page","type-page","status-publish","hentry"],"_links":{"self":[{"href":"https:\/\/techmeetings.net\/index.php\/wp-json\/wp\/v2\/pages\/6395","targetHints":{"allow":["GET"]}}],"collection":[{"href":"https:\/\/techmeetings.net\/index.php\/wp-json\/wp\/v2\/pages"}],"about":[{"href":"https:\/\/techmeetings.net\/index.php\/wp-json\/wp\/v2\/types\/page"}],"author":[{"embeddable":true,"href":"https:\/\/techmeetings.net\/index.php\/wp-json\/wp\/v2\/users\/1"}],"replies":[{"embeddable":true,"href":"https:\/\/techmeetings.net\/index.php\/wp-json\/wp\/v2\/comments?post=6395"}],"version-history":[{"count":14,"href":"https:\/\/techmeetings.net\/index.php\/wp-json\/wp\/v2\/pages\/6395\/revisions"}],"predecessor-version":[{"id":6467,"href":"https:\/\/techmeetings.net\/index.php\/wp-json\/wp\/v2\/pages\/6395\/revisions\/6467"}],"wp:attachment":[{"href":"https:\/\/techmeetings.net\/index.php\/wp-json\/wp\/v2\/media?parent=6395"}],"curies":[{"name":"wp","href":"https:\/\/api.w.org\/{rel}","templated":true}]}}